n divisor of h and p?
16
Let n = 11 - 19. Let z(y) = -y**3 - 7*y**2 + 7*y + 10. Let u be z(n). Let x be (-192)/u*2*-3. What is the greatest common factor of x and 8?
8
Let a = 26 - -23. Let i = -39 + a. Calculate the greatest common factor of i and 2.
2
Let g be (-192 - -193)/((4/82)/2). What is the highest common divisor of 451 and g?
41
Let g(n) = 6*n**2 + 5*n + 1. Let t be g(-2). Suppose 16*c - t*c - 112 = 0. Calculate the greatest common divisor of c and 16.
16
Let w = -199 + 288. Suppose -84*r - 165 = -w*r. What is the highest common factor of r and 33?
33
Suppose 23*i + 2700 = 33*i. Calculate the highest common factor of i and 10.
10
Suppose 25*n = 60*n - 840. Calculate the highest common divisor of 6 and n.
6
Suppose -43*y - 56 = -45*y. What is the highest common divisor of 6 and y?
2
Suppose -819 = 2*p - 5*p. What is the greatest common factor of p and 13?
13
Let l = 134 + -99. Let r be (0 - -3)/((-3)/(-70)). What is the greatest common factor of r and l?
35
Let x = -6 + 33. Let i be x + (-4 - (-4 - 0)). What is the highest common factor of i and 243?
27
Suppose 9*y - 4*y = 495. Let o be 3/2*(-110)/(-15). Calculate the highest common factor of o and y.
11
Let k(p) = 25*p**3 - 4*p**2 + 57*p - 109. Let a be k(2). What is the greatest common factor of a and 7?
7
Suppose a + 3*a = -2*k + 188, -4*k = -2*a + 74. What is the highest common factor of 18 and a?
9
Let o(k) = 3*k + 50. Let q be o(-15). Suppose -q*p + 104 = 2*l, -4*l + 6*l + 2*p - 104 = 0. Calculate the greatest common factor of l and 4.
4
Let v(g) = 3*g**2 + 2*g - 3. Let t be v(3). Let p(o) = o**2 - 12*o - 118. Let z be p(-7). What is the greatest common factor of t and z?
15
Let d be ((-14)/(-35))/(1/125). Suppose 7*a - d = 5*a + 4*o, 2*a - 2*o - 52 = 0. What is the greatest common divisor of 45 and a?
9
Let q be (-45)/(-4) - (-5)/(-20). Let r = 107 - 63. What is the greatest common factor of q and r?
11
Let l be (34/(-1))/(7/(-35)). Suppose 5*u + 0*u - k = 51, 3*k = -2*u + 17. Calculate the highest common factor of l and u.
10
Suppose -4 + 20 = -4*r, 2*y - 3*r - 236 = 0. Calculate the greatest common divisor of 176 and y.
16
Suppose -2*q = -3*v + 472, v + 5*q - 129 = -0*v. Calculate the greatest common divisor of v and 88.
22
Let v = -18 + 20. Suppose -4*i - 2*y + 16 = 0, 0 = 3*i - 5*y + 1 - 0. What is the greatest common factor of v and i?
1
Let y(q) = q**2 - q - 46. Let u be y(10). What is the highest common divisor of 88 and u?
44
Let p be ((-3)/(-2))/(9/(-3))*-70. What is the highest common factor of p and 35?
35
Let x(v) = 28 - 4*v**2 + 5*v**2 - 3*v + 27 + 0*v. Let a be x(0). Calculate the highest common divisor of 22 and a.
11
Let f = -43 + 30. Let y be (2/(-4))/(5/(-170)). Let l = f + y. What is the highest common divisor of 20 and l?
4
Let w = -850 + 1147. Calculate the highest common divisor of w and 11.
11
Let n = -49 - -48. Let o(r) = -12*r - 4. Let w be o(n). What is the greatest common factor of 8 and w?
8
Suppose -10*j + 11*j = 3*r - 80, r - 30 = 2*j. Let f(g) = -2*g**3 - 6*g**2 + 2*g + 4. Let k be f(-6). Calculate the greatest common factor of r and k.
26
Let j = 6 - -46. Let m = 939 + -926. What is the greatest common factor of m and j?
13
Let v = -302 + 446. Let z = 27 - 9. Calculate the greatest common factor of z and v.
18
Let f be 15/((0 + -1)/1)*-22. Calculate the greatest common divisor of 30 and f.
30
Let g be (-220)/(-1) + 17 + -21. Calculate the highest common divisor of 48 and g.
24
Suppose 0 = -5*m + 6*m - 53. Suppose o + m = 5*t, t + o - 6*o - 25 = 0. What is the highest common divisor of 10 and t?
10
Let q = 1579 + -1414. Calculate the greatest common factor of 15 and q.
15
Let z = 43 - -50. Let o = z + -76. What is the highest common factor of o and 255?
17
Suppose 31*x - 29*x - 16 = 0. Suppose -x*y + 0*y + 320 = 0. What is the greatest common factor of y and 80?
40
Suppose 544 = n + 3*b, -4*b = n - 233 - 311. Suppose -735 = -5*c - 5*h, -4*c + n + 69 = -h. Calculate the greatest common divisor of c and 19.
19
Suppose 2*b = -4*l - 10, -3*l - 4*b = -0*l + 20. Suppose l = z + r + 15, -2*r + 1 = -3*r. Let k = 30 + z. Calculate the highest common factor of 40 and k.
8
Suppose -4*c + 120 = 3*p, 6*p + 3*c = 8*p - 80. Calculate the highest common factor of p and 5.
5
Suppose 0 = 23*w - 22 - 47. Calculate the highest common factor of 2 and w.
1
Let o(b) = -b**3 + 9*b**2 + 21*b - 168. Let j be o(8). What is the highest common divisor of j and 8?
8
Suppose -12*d = -219 - 609. What is the highest common divisor of 1863 and d?
69
Let z(q) = q**3 + 10*q**2 - 14*q - 3. Let g be z(-11). Let y be ((-1)/(6/45))/(87/(-232)). What is the greatest common divisor of g and y?
10
Suppose 3*s = -6 + 12. Let y be (s + -14 - -1) + 3. Let c be (14/3)/(y/(-60)). Calculate the greatest common factor of 14 and c.
7
Let m be (-5)/(135/(-129)) + (-4)/(-18). Suppose 2*x = -2*c + 12, m*c - 30 = 4*x + x. What is the greatest common divisor of c and 12?
6
Suppose 99*l - y + 243 = 100*l, 0 = 2*l - y - 477. What is the greatest common divisor of 320 and l?
80
Let c(t) = -4*t**2 - 70*t + 38. Let o be c(-18). Let u = -16 - -30. What is the highest common factor of u and o?
2
Let z be (2/(-6) + 1/3)/(-1). Suppose 3*x + 3*j - 33 = z, 6*x - 4*j = 7*x + 4. Calculate the highest common divisor of x and 256.
16
Let y be (-27)/(-45) + (-47)/(-5). Suppose x = l, 0*l + 2*x = -3*l + y. Suppose 3*o - 4*o + 2 = 0. What is the highest common factor of l and o?
2
Let d(m) = -m + 5. Let s be d(0). Suppose z = -s*o - 2*z + 35, 4*o - 2*z = 6. Suppose 0 = -21*j + 304 + 284. What is the greatest common factor of o and j?
4
Suppose 5*y + o = 436 + 520, -3*y + 4*o = -592. Calculate the highest common factor of 12 and y.
12
Suppose -3*q = -11*q + 3848. Calculate the highest common factor of q and 37.
37
Let n(a) = a - 13. Let k be n(8). Let c = 10 + k. Let i be (-42)/15*c/(-2). What is the highest common factor of 56 and i?
7
Suppose -6*f - 38 = -p, 0 = 8*p - 3*p - 2*f - 50. Let r be -12*(3 - 2 - 2). What is the highest common divisor of r and p?
4
Let j = 22 - 20. Suppose j*i - 14 = i. Calculate the highest common divisor of 28 and i.
14
Let j(o) = -5*o**2 + 3*o - 11*o + 10 + o**3 + 0*o**2. Let u be j(7). Let h be 15 - (3 - (4 + -3)). Calculate the greatest common divisor of u and h.
13
Let f be 453/(-12) - (-2)/(-8). Let p be (-6)/(-5)*(-665)/f. What is the greatest common factor of 168 and p?
21
Let w(s) = 16*s + 25*s + 5 + 30*s. Let h be w(-2). Let y = -56 - h. What is the greatest common divisor of 27 and y?
27
Let p = 3672 - 2303. Calculate the greatest common factor of 37 and p.
37
Let j(i) = -5*i - 47. Let z be j(-16). What is the greatest common factor of 22 and z?
11
Suppose x + t = 264 - 38, -4*t - 446 = -2*x. Calculate the highest common factor of 100 and x.
25
Suppose 2*n = 6*n - 2344. Suppose 0 = q + 5*p - 98, 5*q + 0*p - n = -p. Suppose q = 3*k - 71. Calculate the highest common factor of 9 and k.
9
Let z be 25/9*1 - (-16)/72. Suppose w + 4*i = 40 + 6, -4*w = z*i - 249. Calculate the highest common divisor of w and 44.
22
Suppose -4*k - 16 = 0, 2*a - 20 = k + 3*k. Let q = -6 - -7. Let x be (q/a)/((-3)/(-174)). Calculate the highest common factor of 116 and x.
29
Let r be (2 + -80)*((-10)/4 - -2). What is the highest common factor of 351 and r?
39
Let o be (-589608)/(-756) + (-6)/(-63). What is the greatest common divisor of 180 and o?
60
Let d(t) = t**2 + 31*t + 18. Let o be d(0). What is the greatest common divisor of 144 and o?
18
Let l be ((-2)/3)/(10/195). Let k = l - -22. What is the greatest common factor of k and 9?
9
Let f = -374 + 380. What is the greatest common factor of f and 81?
3
Let q(f) = f + 26. Let s be q(-10). Let v(g) = 2*g**2 - 11*g + 6. Let m be v(6). Suppose 3*j = -0*j + m. Calculate the highest common divisor of j and s.
4
Let k = -115 - -124. Let r = -188 - -269. Calculate the highest common factor of r and k.
9
Let g = 333 + -189. Calculate the highest common factor of 36 and g.
36
Let h = 98 - 118. Let a be 6*185/h*16/(-3). Calculate the highest common factor of 37 and a.
37
Let s = 61 + 11. Let j = -65 + s. Calculate the greatest common divisor of j and 56.
7
Let r = 475 + -445. Calculate the highest common divisor of 78 and r.
6
Let q be (-4)/18 - 1624/(-18). Su